 = v + 4. Let z = 51 + -31. Suppose -3*s - z = -v*o, -4*o - 4*s + 6 = -10. What is the units digit of o?
4
Let v = 10 - 9. Suppose -7 - v = -2*s. Suppose -4*z + 2*p + 62 = 0, -z - s*p + 6 = z. What is the tens digit of z?
1
Let f = 51 + -55. What is the units digit of (183/(-9))/(f + 92/24)?
2
Let k = -4007 + 7826. What is the thousands digit of k?
3
Suppose 39*j - 37*j = 4*t + 286, 522 = 4*j + 2*t. What is the units digit of j?
3
Suppose -4*f = 3*b - 13, 4*b - 25 = b + 2*f. Let n(h) be the third derivative of h**4/6 - 2*h**3/3 - 2*h**2. What is the tens digit of n(b)?
2
Let w(y) = y**3 + 14*y**2 + 20*y - 12. Let o be w(-11). Let c = 2 + 2. Suppose -i + 2*t + o = c*i, 0 = -5*i + 4*t + 127. What is the units digit of i?
7
Let g = -37 - -52. Let f(y) = y**3 - 15*y**2 + 5*y - 19. What is the tens digit of f(g)?
5
Let s(c) = c**3 - 3*c**2 - 10*c + 34. What is the hundreds digit of s(12)?
2
Let i(t) = 254*t + 387. What is the hundreds digit of i(6)?
9
Let z(i) = -3*i**3 + 10*i**2 + 20*i + 8. What is the hundreds digit of z(-4)?
2
Let g(t) = -t**3 + 10*t**2 - 15*t - 8. Let m be g(8). Suppose 5*v - 84 - 196 = m. What is the units digit of v?
6
Let t = 27 - 23. Let d(v) = -v**3 + 5*v**2 - v + 5. What is the units digit of d(t)?
7
Let t(u) = 18 - 2*u - 10 - 2*u. Let b be t(-8). Let w = b + 12. What is the tens digit of w?
5
Let c(o) = -373*o - 34. Let b be c(4). What is the tens digit of (b/(-10) - 0) + 22/55?
5
Let f be 31*-3*(-8)/12. Suppose -2*o = -6*o + 4*h + 332, 15 = 3*h. Let b = o - f. What is the tens digit of b?
2
Suppose -11*f + 24 + 9 = 0. Suppose 102 = f*a - 5*w, 2*a - w - 119 = -2*a. What is the units digit of a?
9
Suppose -6*l - 668 + 4076 = 0. What is the tens digit of l?
6
Let y = 3640 + 370. What is the hundreds digit of y?
0
Let y = -760 - -2341. What is the units digit of y?
1
Let l = 1710 + 265. What is the thousands digit of l?
1
Let y(w) = -59*w - 61. Let u(i) = 29*i + 30. Let r(t) = 5*u(t) + 3*y(t). What is the tens digit of r(-8)?
2
Suppose 4*n - 29 = -17. Let g = 4 + -4. Suppose -t = 5*a - 18, g*a + 65 = n*t + 4*a. What is the units digit of t?
3
Let v = -5469 + 9234. What is the thousands digit of v?
3
Let q(r) = r**2 + 3*r - 19. Suppose 0 = -2*h + 12 - 28. What is the tens digit of q(h)?
2
Let v(u) = 7*u**3 - 7*u**3 - u**3 + 5*u**2 + 8*u**2 - 16*u + 8. What is the hundreds digit of v(8)?
2
Let m(l) = 4*l - 3*l**2 + 2 + 3*l**2 - l**2 + 3*l**2. What is the units digit of m(-3)?
8
What is the hundreds digit of (4085/(-20) - 3)*-4?
8
Suppose 5*r - 875 = -5*d, 0 = d + 47*r - 44*r - 185. What is the tens digit of d?
7
What is the thousands digit of 3/12 + (-19929)/(-12)?
1
Let p = 27 - 6. Let s = -114 + p. Let f = -55 - s. What is the units digit of f?
8
Suppose 2*g - 37*f - 7133 = -40*f, 0 = 5*g + 3*f - 17855. What is the units digit of g?
4
Let a = -61 - -2852. What is the units digit of a?
1
Suppose -3*c + b = 3*b - 160, -5*b - 20 = 0. What is the tens digit of 3 + c + 0/(-5)?
5
Suppose -5*t + 4*t + 303 = 2*r, -3*t - r + 904 = 0. What is the hundreds digit of t?
3
Let w = 20 - 17. Let n be (-87)/(-18) - w/(-18). Suppose -5*g = -n*d + 4 - 19, 2*d - 6 = 0. What is the units digit of g?
6
Let o(w) = -27*w + 45. What is the tens digit of o(-34)?
6
Suppose c + 28*r = 26*r + 1858, -5*r - 9230 = -5*c. What is the tens digit of c?
5
What is the hundreds digit of -4 - (-1*944 - 58/(-29))?
9
What is the tens digit of -6771*((-238)/21 + 11)?
5
Let x = 1636 - 1026. What is the tens digit of x?
1
Suppose 2*h + 3*o = 2, -3*h = -h + 5*o + 2. Suppose t + 20 = -h*t. What is the units digit of t/2 - (-7 - -4)?
1
Suppose -8*g = -6*g. Suppose g = j - 3*y - 1, -4*j + 3*y - y = -44. Suppose j = r + 5*v, 0 = -3*r - 2*r + 4*v + 152. What is the units digit of r?
8
Let b(x) = -x**3 + 22*x**2 - 16*x - 21. Suppose -2*s + 46 - 4 = 0. What is the tens digit of b(s)?
8
Let b(v) = v**2 - 10*v - 1. Let l be b(6). What is the tens digit of (81/5)/((-5)/l)?
8
Let v be 1 - -2 - 18/6. Suppose -5*n = -2*b - 11, 5*n + v - 2 = -b. What is the units digit of (3 + 3*b)*-5?
0
Let d be (-6)/(-4) + (-51)/(-2). Suppose -453 = -4*q + d. What is the tens digit of (14/4)/(12/q)?
3
What is the units digit of 893529/234 - 2/(-4)?
9
Let h(g) = -g + 8. Let x be h(9). Let d be 10*((-15)/6)/x. What is the tens digit of 5/((-20)/12) + d?
2
Let f = 812 - 396. What is the tens digit of f?
1
Suppose -20*z = -10*z - 1510. Let w = z + -63. What is the tens digit of w?
8
Let u(t) = 61*t**2 + t - 3. Let r(w) = -184*w**2 - 3*w + 8. Let p(m) = -4*r(m) - 11*u(m). What is the tens digit of p(1)?
6
Suppose 14463 = 7*c - 4*c - 2*q, 4*c = -2*q + 19270. What is the units digit of c?
9
Let g(o) = 2*o**3 - 9*o**2 + 7*o + 18. What is the units digit of g(5)?
8
Suppose 0 = -4*s + 4*m + 12, s + 3*m = 3*s - 5. Suppose 0 = s*k - 134 + 10. What is the tens digit of k?
3
Let p = -562 - -3925. What is the thousands digit of p?
3
Let j(u) = 3*u**3 + 5*u**2 + 38*u - 89. What is the hundreds digit of j(9)?
8
Let q = 199 - -505. What is the tens digit of q?
0
Let r(j) = -j**3 - 14*j**2 + 33*j + 15. Let z be r(-16). What is the tens digit of (1 - (-15)/(-4))*4/z?
1
Let d(o) = o**3 - 8*o**2 + 5*o + 8. Let l be d(7). What is the units digit of (5502/28)/(l/(-8))?
2
Suppose -3*f = 2 - 5. Suppose -4*q - 2*a = -66, -2*q = 2*a + 4 - 42. Suppose 5*y = v + f, 3*v - q = -6*y + 4*y. What is the units digit of y?
1
Let k(t) = -t**2 + 22*t + 108. What is the units digit of k(13)?
5
What is the units digit of ((-120)/(-90))/(3/((-81)/(-2)))?
8
Let u(s) = s**3 - 2*s**2 + 17*s + 25. What is the units digit of u(10)?
5
Let i be (4/8*-2)/(-1). What is the tens digit of (-26)/(-1)*(5 + -3) + i?
5
Suppose -1705 = 9*h - 5854. What is the tens digit of h?
6
Let z(y) = -3*y**2 - 72*y - 17. What is the hundreds digit of z(-12)?
4
Let w = 1040 + -250. What is the units digit of w?
0
Let n = 9 + -5. Suppose 55 = -3*k - n*p, -4*k = -p + 17 + 50. What is the units digit of (-2)/(2*1/k)?
7
Let m(u) = u**2 - 10*u - 53. What is the tens digit of m(-21)?
9
Let p(j) = -j**2 - 15*j + 2. Let s(o) = o**2 - 11*o + 3. Let t be s(9). Let w be p(t). Let u(i) = 11*i. What is the units digit of u(w)?
2
Suppose -4*h + 2*i = 62 + 8, -5*h - 80 = -5*i. What is the tens digit of (h - (-3 + 5))/(-1)?
2
Let h(q) = q**2 - 2*q + 1. Let t be h(2). Suppose y + 2*s + 5 = 0, -y - 7*s + t = -3*s. Let k = y + 33. What is the tens digit of k?
2
Let u(g) = 2*g**2 - g. Let l be u(2). Suppose -4*h + 21 = 5*p, -h - p - 1 = -l*p. Suppose 3*r = -3*s - 12, 5*r - s = -h*s - 10. What is the units digit of r?
1
Let o(t) = -2*t**3 + 52*t**2 + 61*t - 86. What is the hundreds digit of o(26)?
5
Suppose -2*b = -5*b + 6. Suppose 4*r = -b*j + 42, 0*j - 2*j - 6 = 0. What is the tens digit of ((-4)/r)/(2/(-258))?
4
Let y be (-8671)/(-184) - 1/8. Let z = -39 + y. What is the units digit of (z/(-12))/((-2)/9)?
3
Let w(o) = -2*o. Let a be w(0). Suppose 2*g = -3*h + 124, -2*h + g + 92 = -a*h. What is the tens digit of h?
4
Suppose 2*v = v + 25. Suppose 20 = a - v. Suppose -4*q = 2*o - 3*o + a, 2*q = -2*o + 100. What is the tens digit of o?
4
Let g = 7 + -7. Suppose m + 3*i - 16 = 0, -40 = m - 6*m - 5*i. What is the tens digit of -3 + g + m + 43?
4
What is the units digit of (4 - -77)*(-40)/(-6)?
0
Let c(w) = w**3 - 9*w + 17. What is the hundreds digit of c(6)?
1
Let g = 12 + -8. Let q(d) = -d**3 + 5*d**2 - d - 3. Let r be q(g). Suppose -4*w - 110 = -r*w. What is the tens digit of w?
2
Let u be (-2)/(-3 - -8 - 3) + 12. Let h(z) = -4*z - 22. Let q(b) = 3*b + 22. Let c(l) = 2*h(l) + 3*q(l). What is the units digit of c(u)?
3
Let q be 9/((-63)/14)*(1 - 3). What is the units digit of (4 + 204)/4 + q?
6
Let w be (1 - 6)*(-7 + 6). Suppose 3*y = w*y. Suppose z + 4 - 18 = y. What is the tens digit of z?
1
Let j = -18 + 22. Suppose -j*h - o + 166 = 0, 5*o + 50 + 128 = 4*h. What is the tens digit of h?
4
Let i(k) = -61*k**3 + 11*k**2 - 2*k + 11 + 60*k**3 + 3*k. What is the units digit of i(11)?
2
Suppose -6*p + p + 100 = 0. Suppose -4*q = 3*y - p, -2*q = 2*q - 3*y - 20. Suppose -3*z - 4*r - 107 = -8*z, 113 = q*z - r. What is the tens digit of z?
2
Suppose 2*u - 235 = -k, -u + 2*k - 5*k = -105. What is the units digit of u?
0
Suppose -3*g + 5*f = -832, 0*g - 833 = -3*g + 4*f. What is the tens digi